{"id":43,"date":"2018-03-10T17:07:15","date_gmt":"2018-03-10T17:07:15","guid":{"rendered":"http:\/\/phemios.de\/?page_id=43"},"modified":"2020-08-09T16:23:26","modified_gmt":"2020-08-09T16:23:26","slug":"impressum-2","status":"publish","type":"page","link":"https:\/\/phemios.de\/?page_id=43","title":{"rendered":"impressum \/ rechtliche hinweise \/ datenschutz"},"content":{"rendered":"<div id=\"pl-43\"  class=\"panel-layout\" ><div id=\"pg-43-0\"  class=\"panel-grid panel-no-style\" ><div id=\"pgc-43-0-0\"  class=\"panel-grid-cell panel-grid-cell-empty\" ><\/div><\/div><div id=\"pg-43-1\"  class=\"panel-grid panel-no-style\" ><div id=\"pgc-43-1-0\"  class=\"panel-grid-cell\" ><div id=\"panel-43-1-0-0\" class=\"so-panel widget widget_sow-editor panel-first-child panel-last-child\" data-index=\"0\" ><div\n\t\t\t\n\t\t\tclass=\"so-widget-sow-editor so-widget-sow-editor-base\"\n\t\t\t\n\t\t>\n<div class=\"siteorigin-widget-tinymce textwidget\">\n\t<p><strong>Angaben gem\u00e4\u00df \u00a7 5 TMG:<\/strong><\/p>\n<p>Phemios Kammerchor<\/p>\n<p>Joachim Thomas<br \/>\nL\u00fcbecker Stra\u00dfe 3<br \/>\n23909 Ratzeburg<\/p>\n<p><strong>Kontakt:<\/strong><br \/>\nEmail: chorleiter@phemios.de<\/p>\n<\/div>\n<\/div><\/div><\/div><div id=\"pgc-43-1-1\"  class=\"panel-grid-cell\" ><div id=\"panel-43-1-1-0\" class=\"so-panel widget widget_sow-editor panel-first-child panel-last-child\" data-index=\"1\" ><div\n\t\t\t\n\t\t\tclass=\"so-widget-sow-editor so-widget-sow-editor-base\"\n\t\t\t\n\t\t>\n<div class=\"siteorigin-widget-tinymce textwidget\">\n\t<p>&nbsp;<\/p>\n<p>Der Phemios Kammerchor ist Mitglied im<br \/>\n<a href=\"http:\/\/www.vdkc.de\/cms\/\" target=\"_blank\" rel=\"noopener\"><img loading=\"lazy\" decoding=\"async\" class=\"alignnone wp-image-35 size-medium\" src=\"http:\/\/phemios.de\/wp-content\/uploads\/2018\/03\/VDKC_Logo_56x13_RGB1-300x69.jpg\" alt=\"\" width=\"300\" height=\"69\" srcset=\"https:\/\/phemios.de\/wp-content\/uploads\/2018\/03\/VDKC_Logo_56x13_RGB1-300x69.jpg 300w, https:\/\/phemios.de\/wp-content\/uploads\/2018\/03\/VDKC_Logo_56x13_RGB1.jpg 661w\" sizes=\"auto, (max-width: 300px) 100vw, 300px\" \/><\/a><\/p>\n<\/div>\n<\/div><\/div><\/div><\/div><div id=\"pg-43-2\"  class=\"panel-grid panel-no-style\" ><div id=\"pgc-43-2-0\"  class=\"panel-grid-cell\" ><div id=\"panel-43-2-0-0\" class=\"so-panel widget widget_sow-editor panel-first-child panel-last-child\" data-index=\"2\" ><div\n\t\t\t\n\t\t\tclass=\"so-widget-sow-editor so-widget-sow-editor-base\"\n\t\t\t\n\t\t>\n<div class=\"siteorigin-widget-tinymce textwidget\">\n\t<p><strong>Rechtliche Hinweise<\/strong><\/p>\n<p><strong>Datenschutz<\/strong><\/p>\n<p>Datenschutz ist uns wichtig. Deshalb handeln wir nur im Rahmen der geltenden Datenschutzvorschriften, insbesondere der Verordnung (EU) 2016\/679 (Datenschutz-Grundverordnung), des Landesdatenschutzgesetzes (LDSG) und des Bundesdatenschutzgesetzes (BDSG).<br \/>\nDie Nutzung dieser Website ist in der Regel ohne Angaben personenbezogener Daten m\u00f6glich.<br \/>\nDer Host-Provider dieser Website, die STRATO Pascalstra\u00dfe 10, 10587 Berlin, erfasst nach eigenen Angaben beim Besuch unserer Website die IP-Adressen der Besucher und speichert diese in sog. \u201eLogfiles\u201c. Die Speicherung dient der Erkennung und Abwehr von Angriffen und erfolgt f\u00fcr maximal 7 Tage.<br \/>\nFerner verwendet unsere Seite nach den Angaben der STRATO AG wie jede Website sog. \u201eSession-Cookies\u201c. Session-Cookies speichern den Internetaufruf tempor\u00e4r und werden mit dem Schlie\u00dfen des Browsers gel\u00f6scht. Diese Art von Cookies speichert keine Informationen \u00fcber den Nutzer.<br \/>\nDie Daten unserer Website speichert die STRATO AG nach eigenen Angaben ausschlie\u00dflich auf gesicherten Servern in Deutschland.<br \/>\nDie Informationen der STRATO AG k\u00f6nnen Sie <a href=\"https:\/\/www.strato.de\/faq\/article\/2763\/Fragen-zur-Auftragsverarbeitungsvertrag-AVV-und-der-neuen-EU-Datenschutzgrundverordnung-DSGVO.html\" target=\"_blank\" rel=\"noopener\">hier<\/a> nachlen.<br \/>\nDiese Seite nutzt keine Zusatzprogramme, die personenbezogene Daten erfassen, insbesondere keine Tracking-Tools u.\u00e4..<br \/>\nWir selbst verarbeiten personenbezogene Daten nur dann, wenn Sie uns solche ausdr\u00fccklich mitteilen, z.B. wenn Sie an uns eine Email schicken, in der solche Daten (z.B. Name, Anschrift u.\u00e4.) aufgef\u00fchrt sind.<\/p>\n<p>Ohne Ihre ausdr\u00fcckliche Zustimmung geben wir keine Ihrer Daten an Dritte weiter.<\/p>\n<p>Informationen dar\u00fcber, welche personenbezogenen Daten wir \u00fcber Sie gespeichert haben, k\u00f6nnen Sie per Email an website@phemios.de oder unter der o.g. Anschrift erhalten.<\/p>\n<p>Auf diesem Wege k\u00f6nnen Sie auch jederzeit einer Verarbeitung personenbezogener Daten widersprechen und\/oder deren L\u00f6schung verlangen sowie ihre weiteren Rechte geltend machen, die sich aus der Datenschutz-Grundverordnung, dem LDSG und dem BDSG ergeben.<\/p>\n<p>&nbsp;<\/p>\n<p><strong>Haftung f\u00fcr Inhalte<\/strong><\/p>\n<p>Als Betreiber dieser Website sind wir als sog. \u201eDienstanbieter\u201c im Sinne von \u00a7 7 Abs. 1 Telemediengesetz (TMG) f\u00fcr eigene Inhalte auf diesen Seiten verantwortlich. Aus den \u00a7\u00a7 8-10 TMG folgt, dass wir als Diensteanbieter nicht verpflichtet sind, \u00fcbermittelte oder gespeicherte fremde Informationen zu \u00fcberwachen oder nach Anhaltspunkten f\u00fcr eine rechtswidrige Handlung zu suchen.<\/p>\n<p>Wir sind davon unabh\u00e4ngig nach den allgemeinen Gesetzen verpflichtet, Inhalte zu l\u00f6schen oder zu sperren. Eine solche Pflicht entsteht jedoch erst im dem Zeitpunkt, in dem wir Kenntnis von einer konkreten Rechtsverletzung haben. In einem solchen Falle werden wir die betreffenden Inhalte umgehend entfernen.<\/p>\n<p>&nbsp;<\/p>\n<p><strong>Haftung f\u00fcr Links<\/strong><\/p>\n<p>Auf die Handlungen anderer Website-Betreiber haben wir naturgem\u00e4\u00df keinen Einfluss. Deshalb kann f\u00fcr die Inhalte auf Websites, zu denen wir auf unserer Website einen Link anbieten, auch unsererseits keine Haftung \u00fcbernommen werden. F\u00fcr die Inhalte der verlinkten Seiten sind ausschlie\u00dflich deren Betreiber verantwortlich. Wir haben diese Seiten im Zeitpunkt der Verlinkung auf m\u00f6gliche Rechtsverst\u00f6\u00dfe \u00fcberpr\u00fcft und hierf\u00fcr keine Anhaltspunkte entdecken k\u00f6nnen. Eine permanente Kontrolle ist f\u00fcr uns nicht zumutbar. Auch hier werden wir aber sofort handeln und den Link entfernen, wenn uns konkrete Rechtsverletzungen bekannt werden.<\/p>\n<p>&nbsp;<\/p>\n<p><strong>Urheberrecht<\/strong><\/p>\n<p>Die Inhalte auf unserer Website unterliegen dem deutschen Urheberrecht. Wir erwarten den Respekt unserer Urheberrechte und respektieren unsererseits die Urheberrechte anderer. Insbesondere kennzeichnen wir fremde Inhalte als solche. Sollten Sie trotzdem Anhaltspunkte f\u00fcr eine Urheberrechtsverletzung auf dieser Website haben, bitten wir um einen Hinweis. Auch hier werden wir sofort handeln und betroffene Inhalte entfernen.<\/p>\n<\/div>\n<\/div><\/div><\/div><\/div><div id=\"pg-43-3\"  class=\"panel-grid panel-no-style\" ><div id=\"pgc-43-3-0\"  class=\"panel-grid-cell panel-grid-cell-empty\" ><\/div><\/div><\/div>","protected":false},"excerpt":{"rendered":"<p>Angaben gem\u00e4\u00df \u00a7 5 TMG: Phemios Kammerchor Joachim Thomas L\u00fcbecker Stra\u00dfe 3 23909 Ratzeburg Kontakt: Email: chorleiter@phemios.de &nbsp; Der Phemios Kammerchor ist Mitglied im<\/p>\n","protected":false},"author":1,"featured_media":0,"parent":0,"menu_order":0,"comment_status":"closed","ping_status":"closed","template":"","meta":{"footnotes":""},"class_list":["post-43","page","type-page","status-publish","hentry"],"_links":{"self":[{"href":"https:\/\/phemios.de\/index.php?rest_route=\/wp\/v2\/pages\/43","targetHints":{"allow":["GET"]}}],"collection":[{"href":"https:\/\/phemios.de\/index.php?rest_route=\/wp\/v2\/pages"}],"about":[{"href":"https:\/\/phemios.de\/index.php?rest_route=\/wp\/v2\/types\/page"}],"author":[{"embeddable":true,"href":"https:\/\/phemios.de\/index.php?rest_route=\/wp\/v2\/users\/1"}],"replies":[{"embeddable":true,"href":"https:\/\/phemios.de\/index.php?rest_route=%2Fwp%2Fv2%2Fcomments&post=43"}],"version-history":[{"count":38,"href":"https:\/\/phemios.de\/index.php?rest_route=\/wp\/v2\/pages\/43\/revisions"}],"predecessor-version":[{"id":807,"href":"https:\/\/phemios.de\/index.php?rest_route=\/wp\/v2\/pages\/43\/revisions\/807"}],"wp:attachment":[{"href":"https:\/\/phemios.de\/index.php?rest_route=%2Fwp%2Fv2%2Fmedia&parent=43"}],"curies":[{"name":"wp","href":"https:\/\/api.w.org\/{rel}","templated":true}]}}

<div id="pl-43"  class="panel-layout" ><div id="pg-43-0"  class="panel-grid panel-no-style" ><div id="pgc-43-0-0"  class="panel-grid-cell panel-grid-cell-empty" ></div></div><div id="pg-43-1"  class="panel-grid panel-no-style" ><div id="pgc-43-1-0"  class="panel-grid-cell" ><div id="panel-43-1-0-0" class="so-panel widget widget_sow-editor panel-first-child panel-last-child" data-index="0" ><div
			
			class="so-widget-sow-editor so-widget-sow-editor-base"
			
		>
<div class="siteorigin-widget-tinymce textwidget">
	<p><strong>Angaben gemäß § 5 TMG:</strong></p>
<p>Phemios Kammerchor</p>
<p>Joachim Thomas<br />
Lübecker Straße 3<br />
23909 Ratzeburg</p>
<p><strong>Kontakt:</strong><br />
Email: chorleiter@phemios.de</p>
</div>
</div></div></div><div id="pgc-43-1-1"  class="panel-grid-cell" ><div id="panel-43-1-1-0" class="so-panel widget widget_sow-editor panel-first-child panel-last-child" data-index="1" ><div
			
			class="so-widget-sow-editor so-widget-sow-editor-base"
			
		>
<div class="siteorigin-widget-tinymce textwidget">
	<p>&nbsp;</p>
<p>Der Phemios Kammerchor ist Mitglied im<br />
<a href="http://www.vdkc.de/cms/" target="_blank" rel="noopener"><img loading="lazy" decoding="async" class="alignnone wp-image-35 size-medium" src="http://phemios.de/wp-content/uploads/2018/03/VDKC_Logo_56x13_RGB1-300x69.jpg" alt="" width="300" height="69" srcset="https://phemios.de/wp-content/uploads/2018/03/VDKC_Logo_56x13_RGB1-300x69.jpg 300w, https://phemios.de/wp-content/uploads/2018/03/VDKC_Logo_56x13_RGB1.jpg 661w" sizes="auto, (max-width: 300px) 100vw, 300px" /></a></p>
</div>
</div></div></div></div><div id="pg-43-2"  class="panel-grid panel-no-style" ><div id="pgc-43-2-0"  class="panel-grid-cell" ><div id="panel-43-2-0-0" class="so-panel widget widget_sow-editor panel-first-child panel-last-child" data-index="2" ><div
			
			class="so-widget-sow-editor so-widget-sow-editor-base"
			
		>
<div class="siteorigin-widget-tinymce textwidget">
	<p><strong>Rechtliche Hinweise</strong></p>
<p><strong>Datenschutz</strong></p>
<p>Datenschutz ist uns wichtig. Deshalb handeln wir nur im Rahmen der geltenden Datenschutzvorschriften, insbesondere der Verordnung (EU) 2016/679 (Datenschutz-Grundverordnung), des Landesdatenschutzgesetzes (LDSG) und des Bundesdatenschutzgesetzes (BDSG).<br />
Die Nutzung dieser Website ist in der Regel ohne Angaben personenbezogener Daten möglich.<br />
Der Host-Provider dieser Website, die STRATO Pascalstraße 10, 10587 Berlin, erfasst nach eigenen Angaben beim Besuch unserer Website die IP-Adressen der Besucher und speichert diese in sog. „Logfiles“. Die Speicherung dient der Erkennung und Abwehr von Angriffen und erfolgt für maximal 7 Tage.<br />
Ferner verwendet unsere Seite nach den Angaben der STRATO AG wie jede Website sog. „Session-Cookies“. Session-Cookies speichern den Internetaufruf temporär und werden mit dem Schließen des Browsers gelöscht. Diese Art von Cookies speichert keine Informationen über den Nutzer.<br />
Die Daten unserer Website speichert die STRATO AG nach eigenen Angaben ausschließlich auf gesicherten Servern in Deutschland.<br />
Die Informationen der STRATO AG können Sie <a href="https://www.strato.de/faq/article/2763/Fragen-zur-Auftragsverarbeitungsvertrag-AVV-und-der-neuen-EU-Datenschutzgrundverordnung-DSGVO.html" target="_blank" rel="noopener">hier</a> nachlen.<br />
Diese Seite nutzt keine Zusatzprogramme, die personenbezogene Daten erfassen, insbesondere keine Tracking-Tools u.ä..<br />
Wir selbst verarbeiten personenbezogene Daten nur dann, wenn Sie uns solche ausdrücklich mitteilen, z.B. wenn Sie an uns eine Email schicken, in der solche Daten (z.B. Name, Anschrift u.ä.) aufgeführt sind.</p>
<p>Ohne Ihre ausdrückliche Zustimmung geben wir keine Ihrer Daten an Dritte weiter.</p>
<p>Informationen darüber, welche personenbezogenen Daten wir über Sie gespeichert haben, können Sie per Email an website@phemios.de oder unter der o.g. Anschrift erhalten.</p>
<p>Auf diesem Wege können Sie auch jederzeit einer Verarbeitung personenbezogener Daten widersprechen und/oder deren Löschung verlangen sowie ihre weiteren Rechte geltend machen, die sich aus der Datenschutz-Grundverordnung, dem LDSG und dem BDSG ergeben.</p>
<p>&nbsp;</p>
<p><strong>Haftung für Inhalte</strong></p>
<p>Als Betreiber dieser Website sind wir als sog. „Dienstanbieter“ im Sinne von § 7 Abs. 1 Telemediengesetz (TMG) für eigene Inhalte auf diesen Seiten verantwortlich. Aus den §§ 8-10 TMG folgt, dass wir als Diensteanbieter nicht verpflichtet sind, übermittelte oder gespeicherte fremde Informationen zu überwachen oder nach Anhaltspunkten für eine rechtswidrige Handlung zu suchen.</p>
<p>Wir sind davon unabhängig nach den allgemeinen Gesetzen verpflichtet, Inhalte zu löschen oder zu sperren. Eine solche Pflicht entsteht jedoch erst im dem Zeitpunkt, in dem wir Kenntnis von einer konkreten Rechtsverletzung haben. In einem solchen Falle werden wir die betreffenden Inhalte umgehend entfernen.</p>
<p>&nbsp;</p>
<p><strong>Haftung für Links</strong></p>
<p>Auf die Handlungen anderer Website-Betreiber haben wir naturgemäß keinen Einfluss. Deshalb kann für die Inhalte auf Websites, zu denen wir auf unserer Website einen Link anbieten, auch unsererseits keine Haftung übernommen werden. Für die Inhalte der verlinkten Seiten sind ausschließlich deren Betreiber verantwortlich. Wir haben diese Seiten im Zeitpunkt der Verlinkung auf mögliche Rechtsverstöße überprüft und hierfür keine Anhaltspunkte entdecken können. Eine permanente Kontrolle ist für uns nicht zumutbar. Auch hier werden wir aber sofort handeln und den Link entfernen, wenn uns konkrete Rechtsverletzungen bekannt werden.</p>
<p>&nbsp;</p>
<p><strong>Urheberrecht</strong></p>
<p>Die Inhalte auf unserer Website unterliegen dem deutschen Urheberrecht. Wir erwarten den Respekt unserer Urheberrechte und respektieren unsererseits die Urheberrechte anderer. Insbesondere kennzeichnen wir fremde Inhalte als solche. Sollten Sie trotzdem Anhaltspunkte für eine Urheberrechtsverletzung auf dieser Website haben, bitten wir um einen Hinweis. Auch hier werden wir sofort handeln und betroffene Inhalte entfernen.</p>
</div>
</div></div></div></div><div id="pg-43-3"  class="panel-grid panel-no-style" ><div id="pgc-43-3-0"  class="panel-grid-cell panel-grid-cell-empty" ></div></div></div>

<p>Angaben gemäß § 5 TMG: Phemios Kammerchor Joachim Thomas Lübecker Straße 3 23909 Ratzeburg Kontakt: Email: chorleiter@phemios.de &nbsp; Der Phemios Kammerchor ist Mitglied im</p>
