{"id":383,"date":"2018-03-24T09:33:53","date_gmt":"2018-03-24T09:33:53","guid":{"rendered":"http:\/\/phemios.de\/?page_id=383"},"modified":"2019-12-09T19:54:28","modified_gmt":"2019-12-09T19:54:28","slug":"leonard-bernstein-mass","status":"publish","type":"page","link":"http:\/\/phemios.de\/?page_id=383","title":{"rendered":"Leonard Bernstein MASS"},"content":{"rendered":"<div id=\"pl-383\"  class=\"panel-layout\" ><div id=\"pg-383-0\"  class=\"panel-grid panel-no-style\" ><div id=\"pgc-383-0-0\"  class=\"panel-grid-cell panel-grid-cell-empty panel-grid-cell-mobile-last\" ><\/div><div id=\"pgc-383-0-1\"  class=\"panel-grid-cell panel-grid-cell-empty\" ><\/div><\/div><div id=\"pg-383-1\"  class=\"panel-grid panel-no-style\" ><div id=\"pgc-383-1-0\"  class=\"panel-grid-cell\" ><div id=\"panel-383-1-0-0\" class=\"so-panel widget widget_sow-editor panel-first-child panel-last-child\" data-index=\"0\" ><div\n\t\t\t\n\t\t\tclass=\"so-widget-sow-editor so-widget-sow-editor-base\"\n\t\t\t\n\t\t>\n<div class=\"siteorigin-widget-tinymce textwidget\">\n\t<h3>Leonard Bernstein: MASS<\/h3>\n<p>&nbsp;<\/p>\n<p>In der Spielzeit 2016\/2017 nahm der Phemios Kammerchor eine erfolgreiche Zusammenarbeit mit dem Theater L\u00fcbeck auf. Das Theater inszenierte Leonard Bernsteins \"MASS\".<br \/>\nDas St\u00fcck basiert auf der Lithurgie einer r\u00f6misch-katholischen Messe. Der Priester versammelt sich am Sonntag zum Gottesdienst in seiner Gemeinde. Doch dr\u00e4ngende Fragen einer zun\u00e4chst kleinen, aber immer gr\u00f6\u00dfer werdenden Gruppe von Gemeindemitgliedern st\u00f6ren die hergebrachte Ordnung und lassen schlie\u00dflich auch den Priester (ver-)zweifeln.<br \/>\nDas 1971 anl\u00e4sslich der Er\u00f6ffnung des John F. Kennedy Center for the Performing Arts in Washington D.C. uraufgef\u00fchrte St\u00fcck ist opulent komponiert f\u00fcr gro\u00dfes Orchester, zahlreiche Solisten, gro\u00dfen Chor und zwei Bands.<br \/>\nIn der szenischen Inszenierung wirkte der Phemios Kammerchor an exponierter Stelle sowie als Teil der gro\u00dfen Chorszenen auf der B\u00fchne mit. Das St\u00fcck wurde von Publikum und Presse in sieben ausverkauften Vorstellungen euphorisch gefeiert.<\/p>\n<p>Musikalische Leitung: Andreas Wolf<br \/>\nRegie: Tom Ryser<br \/>\nChoreographie: Lilian Stillwell<br \/>\nAusstattung: Stefan Rieckhoff<\/p>\n<\/div>\n<\/div><\/div><\/div><div id=\"pgc-383-1-1\"  class=\"panel-grid-cell\" ><div id=\"panel-383-1-1-0\" class=\"so-panel widget widget_nav_menu panel-first-child panel-last-child\" data-index=\"1\" ><ul id=\"menu-konzertprogramme\" class=\"menu\"><li class=\"menu-item menu-item-type-post_type menu-item-object-page menu-item-778\"><a href=\"http:\/\/phemios.de\/?page_id=766\">In Gottes Hand<\/a><\/li>\n<li class=\"menu-item menu-item-type-post_type menu-item-object-page menu-item-726\"><a href=\"http:\/\/phemios.de\/?page_id=693\">Phem10s<\/a><\/li>\n<li class=\"menu-item menu-item-type-post_type menu-item-object-page menu-item-650\"><a href=\"http:\/\/phemios.de\/?page_id=646\">Shakespeare Songs<\/a><\/li>\n<li class=\"menu-item menu-item-type-post_type menu-item-object-page menu-item-561\"><a href=\"http:\/\/phemios.de\/?page_id=558\">DCW 2018<\/a><\/li>\n<li class=\"menu-item menu-item-type-post_type menu-item-object-page menu-item-357\"><a href=\"http:\/\/phemios.de\/?page_id=354\">Hear My Prayer<\/a><\/li>\n<li class=\"menu-item menu-item-type-post_type menu-item-object-page menu-item-172\"><a href=\"http:\/\/phemios.de\/?page_id=143\">Mythos<\/a><\/li>\n<li class=\"menu-item menu-item-type-post_type menu-item-object-page menu-item-386\"><a href=\"http:\/\/phemios.de\/?page_id=383\">Leonard Bernstein MASS<\/a><\/li>\n<li class=\"menu-item menu-item-type-post_type menu-item-object-page menu-item-171\"><a href=\"http:\/\/phemios.de\/?page_id=149\">Wenn die Bl\u00e4tter fallen<\/a><\/li>\n<li class=\"menu-item menu-item-type-post_type menu-item-object-page menu-item-306\"><a href=\"http:\/\/phemios.de\/?page_id=298\">Bach &#038; Sandstr\u00f6m<\/a><\/li>\n<li class=\"menu-item menu-item-type-post_type menu-item-object-page menu-item-318\"><a href=\"http:\/\/phemios.de\/?page_id=315\">Flower Songs<\/a><\/li>\n<\/ul><\/div><\/div><\/div><div id=\"pg-383-2\"  class=\"panel-grid panel-no-style\" ><div id=\"pgc-383-2-0\"  class=\"panel-grid-cell panel-grid-cell-empty panel-grid-cell-mobile-last\" ><\/div><div id=\"pgc-383-2-1\"  class=\"panel-grid-cell panel-grid-cell-empty\" ><\/div><\/div><\/div>","protected":false},"excerpt":{"rendered":"<p>Leonard Bernstein: MASS &nbsp; In der Spielzeit 2016\/2017 nahm der Phemios Kammerchor eine erfolgreiche Zusammenarbeit mit dem Theater L\u00fcbeck auf. Das Theater inszenierte Leonard Bernsteins &#8222;MASS&#8220;. Das St\u00fcck basiert auf der Lithurgie einer r\u00f6misch-katholischen Messe. Der Priester versammelt sich am &hellip; <a class=\"kt-excerpt-readmore more-link\" href=\"http:\/\/phemios.de\/?page_id=383\">Read More<\/a><\/p>\n","protected":false},"author":1,"featured_media":0,"parent":0,"menu_order":0,"comment_status":"closed","ping_status":"closed","template":"","meta":{"footnotes":""},"class_list":["post-383","page","type-page","status-publish","hentry"],"_links":{"self":[{"href":"http:\/\/phemios.de\/index.php?rest_route=\/wp\/v2\/pages\/383","targetHints":{"allow":["GET"]}}],"collection":[{"href":"http:\/\/phemios.de\/index.php?rest_route=\/wp\/v2\/pages"}],"about":[{"href":"http:\/\/phemios.de\/index.php?rest_route=\/wp\/v2\/types\/page"}],"author":[{"embeddable":true,"href":"http:\/\/phemios.de\/index.php?rest_route=\/wp\/v2\/users\/1"}],"replies":[{"embeddable":true,"href":"http:\/\/phemios.de\/index.php?rest_route=%2Fwp%2Fv2%2Fcomments&post=383"}],"version-history":[{"count":29,"href":"http:\/\/phemios.de\/index.php?rest_route=\/wp\/v2\/pages\/383\/revisions"}],"predecessor-version":[{"id":775,"href":"http:\/\/phemios.de\/index.php?rest_route=\/wp\/v2\/pages\/383\/revisions\/775"}],"wp:attachment":[{"href":"http:\/\/phemios.de\/index.php?rest_route=%2Fwp%2Fv2%2Fmedia&parent=383"}],"curies":[{"name":"wp","href":"https:\/\/api.w.org\/{rel}","templated":true}]}}